on factor of s and 84.
84
Let d be -3 - (-5 + 6) - 25/(-1). Calculate the greatest common divisor of 399 and d.
21
Let m(j) = j**2 - 10*j + 1. Let q be m(4). Let u be (-12 + 16)/((-4)/38). Let w = q - u. Calculate the greatest common divisor of w and 5.
5
Suppose 26 = -t - t + 5*z, 0 = 3*t - 3*z + 48. Let p = -16 - t. Let o be (p/(-6))/((-5)/120). What is the highest common divisor of 88 and o?
8
Let a = -39 + 43. Suppose -4*j = -a*k - 192, -6*j + 4*j + k = -99. Calculate the highest common factor of j and 17.
17
Let v(n) = 5*n**3 + 5*n**2 - 10*n - 2. Let c be v(2). Calculate the greatest common factor of c and 608.
38
Let i = 40 + -9. Let p be (2 + 0)/(-1 + (-455)/(-445)). Suppose -2*x + p = t + i, x + 3 = 0. Calculate the highest common divisor of 8 and t.
8
Let d(s) = -2*s**2 - 6*s - 7. Let z be d(-2). Let i be ((-12)/10)/((-1)/(-5)). Let m be 3*2/i*z. What is the highest common divisor of m and 33?
3
Let l = -65 - -145. Let x be (l/15)/(2/15). What is the greatest common divisor of 5 and x?
5
Let p(d) = -d. Let c(g) = -2*g + 65. Let w(l) = -c(l) - 2*p(l). Let u be w(21). Suppose -k + 166 = -24. What is the highest common divisor of k and u?
19
Let r = -1051 - -1355. What is the greatest common divisor of r and 32?
16
Let s(g) = 3*g + 18. Let h be s(-5). Suppose 4*k + h*j = 403, k - 5*j = -3*k + 395. What is the greatest common factor of k and 50?
50
Let w be (-16)/4*1 + 4. Suppose 10 = i - w. Let g = 15 - i. Calculate the greatest common factor of g and 1.
1
Let j = -542 + 1281. Suppose -j = -5*k + 161. Calculate the highest common divisor of 18 and k.
18
Suppose 0*v + 331 = 4*v - 5*l, v - 2*l = 79. Suppose -137 = -4*y - k, y - 4*y + v = -2*k. Calculate the highest common factor of y and 297.
33
Let t = 640 - 598. Let j(k) = 2*k + 3. Let z be j(6). Suppose z - t = -x. What is the highest common divisor of 216 and x?
27
Let j(u) = 8*u**2 - 2*u - 2. Let v be j(-1). Let z be v - 6 - (-10)/1. What is the highest common divisor of 3 and z?
3
Suppose 0 = -6*k - 3*k + 441. What is the greatest common divisor of k and 42?
7
Let a(f) be the first derivative of f**3/3 + f**2/2 + 2*f + 7. Let g be a(3). What is the highest common factor of 21 and g?
7
Suppose -20*x = 13*x - 198. What is the greatest common factor of x and 750?
6
Let r(t) = -t**3 - 12*t**2 - 2*t - 19. Suppose -3*y - 183 = -147. Let z be r(y). Calculate the highest common divisor of z and 15.
5
Let g = 29 + -5. What is the highest common factor of g and 16?
8
Let f(q) = 2*q**2 - 29*q + 19. Let m be f(14). Suppose m*d + 4 - 34 = 0. Let o = -15 - -39. What is the highest common factor of d and o?
6
Let c = -2382 + 2669. Calculate the highest common factor of c and 28.
7
Suppose -4*w = 4*p - 116, -6*p = -3*p - 15. Let b = -15 - -19. Let u = 40 - b. Calculate the highest common factor of u and w.
12
Let s be 8 + 2 + 4/(-2). Suppose -5*p + 8*p = 129. Let d = p - -5. What is the highest common factor of s and d?
8
Suppose -6*k - 4*k + 40 = 0. Suppose -6*y = 4*r - 2*y - 152, 0 = -3*r + k*y + 100. Calculate the highest common factor of 18 and r.
18
Let p be (113 + -15)/(0 + 2). Calculate the greatest common divisor of p and 49.
49
Let u = 59 - 40. Calculate the highest common divisor of u and 2.
1
Suppose -f = 15 - 7. Let l be -2 + (-1 - f) - -1. What is the highest common divisor of 4 and l?
2
Suppose -4*u + 18 + 26 = 0. Let b(d) = d. Let o be b(2). Let f(i) = 5*i**3 - 2*i**2 + 2*i - 3. Let n be f(o). Calculate the highest common factor of u and n.
11
Suppose -3*s + 500 = -s - 4*q, 2*s + 4*q - 460 = 0. Suppose a - 92 = 3*v + 8, -2*a - 2*v + s = 0. What is the highest common factor of a and 23?
23
Let n = -6 + 9. Suppose 2*y + 230 - 44 = 2*b, -9 = n*y. What is the greatest common factor of 10 and b?
10
Suppose -5*n - 2*w + 496 = -0*w, 0 = n + 5*w - 90. Suppose 0 = 27*u - 163 - 377. What is the highest common factor of u and n?
20
Suppose 5*i = 48 + 12. Calculate the greatest common factor of 3 and i.
3
Suppose 2*g + 2*p = 30, 3*g - 5 - 48 = 5*p. What is the greatest common divisor of g and 1112?
8
Suppose 6*u - 180 = -6*u. Calculate the greatest common divisor of 9 and u.
3
Let k(o) = -4*o + 47. Let x be k(8). Calculate the highest common divisor of 45 and x.
15
Let q = -1 + 86. Suppose 2*i + 1 = q. What is the greatest common factor of i and 63?
21
Let o = -1620 - -2988. What is the greatest common divisor of 38 and o?
38
Suppose -282 + 1132 = 5*j. Let w(s) = s**2 + 5*s + 12. Let d be w(-5). Let a = d + 5. What is the greatest common divisor of a and j?
17
Suppose 5*f = -65 + 90. Suppose 0 = 4*u - 6*o + o - 84, 0 = -5*u + f*o + 100. Calculate the highest common divisor of 176 and u.
16
Let s(t) = -t**3 - 2*t**2 + 7*t + 6. Let j be s(-4). Let l = -875 - -905. What is the greatest common factor of j and l?
10
Suppose -6*h + 3*h + 141 = 3*i, 3*h - 5*i = 109. What is the highest common divisor of h and 731?
43
Let z be -15*4/(-50)*(-5535)/(-6). Calculate the greatest common divisor of 27 and z.
27
Let a be -12 + (-1980)/(-77) + 2/7. What is the highest common divisor of 518 and a?
14
Suppose 3*z - 19 = -5*m, z - 4*m - 7 = -4*z. Let a(v) = 4 + 21*v**z + 2 - 7*v**2 - 22*v**3. Let u be a(-7). Calculate the greatest common factor of 66 and u.
6
Suppose -94 + 98 = 2*c. Let s be -2*(0 + 0 - 2). What is the greatest common factor of c and s?
2
Let r(z) = 7 + 10 + 5 - z - 6. Let x be r(9). Let l(u) = 2*u**2 - 6*u - 2. Let b be l(x). Calculate the greatest common factor of 36 and b.
18
Suppose 3*c - 119 = c - w, 0 = 3*c - 3*w - 165. What is the highest common divisor of 2 and c?
2
Let k = 410 - 344. What is the highest common divisor of 264 and k?
66
Suppose 5*y = 5*a + 80, 5*y + 3*a + 72 = 10*y. Let l(d) = -9*d + 3. Let g be l(-5). Calculate the greatest common factor of y and g.
12
Let i(q) = q**2 - 7*q + 16. Let u be i(3). What is the greatest common factor of 10 and u?
2
Let h be 16528/368 + 12/138. Calculate the greatest common factor of h and 30.
15
Let d be 17*(9/(-3) - -4). Suppose -d = -3*q + 10. What is the highest common factor of 1 and q?
1
Let b be 22 + -1 + (1 - 2). Let n(a) be the first derivative of a**3 + 2*a**2 - 4*a + 44. Let c be n(4). Calculate the greatest common factor of b and c.
20
Let g = -1648 - -1909. What is the highest common factor of g and 63?
9
Suppose -15*w = -7*w - 2176. What is the highest common divisor of 16 and w?
16
Suppose 164 = 4*d + 2*t, 5*t = -4*d - 60 + 230. Calculate the highest common divisor of 200 and d.
40
Let v be 150/12 + (-1)/(-2). Suppose 5*q = v + 22. Let h = -4 + q. What is the greatest common divisor of 2 and h?
1
Suppose 4*y + y = 15. Suppose 3*s - 104 = y*g + g, 2*g = -s + 28. What is the highest common divisor of 48 and s?
16
Let u(h) = 4*h**2 - 110*h - 94. Let p be u(29). Calculate the highest common divisor of 64 and p.
16
Let h(c) = -21*c + 3. Suppose 3*o = r + 2*r - 3, -9 = 3*o + 3*r. Let s be 75/10*o/3. Let k be h(s). Calculate the greatest common divisor of 12 and k.
12
Suppose 3*f + k - 30 = 0, -f + 10*k - 7*k = -10. Suppose -14*t = -f*t - 4. What is the greatest common divisor of 1 and t?
1
Let k(g) = -230*g - 8. Let j be k(-1). Let o be (0 - -35) + 4 + -2. Calculate the highest common factor of j and o.
37
Let r(o) = o + 9. Let b be r(-8). Let x(q) = 39*q**3 + q**2 - 2*q + 1. Let h be x(b). Let a = h + -14. What is the greatest common divisor of 25 and a?
25
Let l = 45 - 23. Let a be (-48)/l - 2/(-11). Let n = 47 + a. What is the highest common divisor of 5 and n?
5
Let t be -50*(-1)/2*1. Let d = 435 + -260. Calculate the highest common factor of d and t.
25
Let g = -330 + 378. Calculate the highest common divisor of g and 208.
16
Suppose -3*o + 403 + 662 = 3*p, -3*p + 1071 = 5*o. What is the greatest common divisor of 32 and p?
32
Let u be ((-26)/(-39))/(2/9). Let t be 90/12*28/u. Calculate the greatest common divisor of 14 and t.
14
Suppose -6*b + 8*b - 2*y = 588, -5*b = -2*y - 1473. Calculate the greatest common divisor of 118 and b.
59
Let v(a) = -a**3 + 3*a**2 + 2*a - 3. Let p be v(3). Calculate the greatest common factor of p and 66.
3
Let k be (-13)/(-1)*(-7)/(-7). Let m be (14/35)/(2/120). Let v = 28 + m. Calculate the greatest common factor of k and v.
13
Let k(o) = -o**2 + 3*o - 5. Let v be k(7). Let c = v + 52. What is th